{"id":998,"date":"2023-05-30T17:19:57","date_gmt":"2023-05-30T20:19:57","guid":{"rendered":"https:\/\/biciplanet.net\/site\/?post_type=product&#038;p=998"},"modified":"2023-05-30T17:19:57","modified_gmt":"2023-05-30T20:19:57","slug":"bicicleta-cube-aim-29-2021","status":"publish","type":"product","link":"https:\/\/biciplanet.net\/site\/producto\/bicicleta-cube-aim-29-2021\/","title":{"rendered":"Bicicleta CUBE AIM 29 (2021)"},"content":{"rendered":"<p>Buscas una bicicleta que responda de forma r\u00e1pida, segura e intuitiva. Por eso los tubos horizontal y diagonal de la Aim presentan unos perfiles tan complejos, para que puedas maniobrar con precisi\u00f3n y acelerar sin esfuerzo. Fabricada con aluminio 6061 mediante nuestro proceso avanzado de conformado mec\u00e1nico, es una garant\u00eda de que disfrutar\u00e1s de un cuadro ligero, c\u00f3modo y duradero. Los cables colocados internamente conservan la suavidad de las marchas con un mantenimiento reducido y la geometr\u00eda Agile Ride ofrece una maniobrabilidad fiable y \u00e1gil que te asegurar\u00e1 permanentemente una sonrisa en la cara. Adem\u00e1s, est\u00e1 equipada con puntos de anclaje para portabultos y guardabarros, para una mayor versatilidad.<\/p>\n<p>En CUBE, creemos que debes poder concentrarte en el camino, no en la bici. La gran comodidad y manejabilidad de la horquilla de suspensi\u00f3n Suntour garantiza que siempre tengas un control total all\u00e1 donde tu curiosidad te haga llegar. Con los cambios f\u00e1ciles de usar de Shimano, es muy sencillo encontrar la marcha correcta para cualquier recorrido y los potentes frenos de disco Tektro y los neum\u00e1ticos Schwalbe de gran agarre garantizan que siempre te detengas de forma segura, haga el tiempo que haga.<\/p>\n<ul>\n<li>Cuadro Aluminio CUBE<\/li>\n<li>Rodado 29<\/li>\n<li>Cambio Shimano 24 Velocidades<\/li>\n<li>Frenos a disco Hidraulicos Tektro<\/li>\n<li>Cubierta Schwalbe Impac with CUBE logo, 2.1<\/li>\n<li>Talle M, L<\/li>\n<\/ul>\n","protected":false},"excerpt":{"rendered":"<p>Buscas una bicicleta que responda de forma r\u00e1pida, segura e intuitiva. Por eso los tubos horizontal y diagonal de la Aim presentan unos perfiles tan complejos, para que puedas maniobrar con precisi\u00f3n y acelerar sin esfuerzo. Fabricada con aluminio 6061 mediante nuestro proceso avanzado de conformado mec\u00e1nico, es una garant\u00eda de que disfrutar\u00e1s de un [&hellip;]\n","protected":false},"featured_media":999,"comment_status":"closed","ping_status":"closed","template":"","meta":[],"product_brand":[],"product_cat":[6],"product_tag":[],"class_list":{"0":"post-998","1":"product","2":"type-product","3":"status-publish","4":"has-post-thumbnail","6":"product_cat-bicicletas","8":"first","9":"instock","10":"sale","11":"shipping-taxable","12":"product-type-simple"},"_links":{"self":[{"href":"https:\/\/biciplanet.net\/site\/wp-json\/wp\/v2\/product\/998","targetHints":{"allow":["GET"]}}],"collection":[{"href":"https:\/\/biciplanet.net\/site\/wp-json\/wp\/v2\/product"}],"about":[{"href":"https:\/\/biciplanet.net\/site\/wp-json\/wp\/v2\/types\/product"}],"replies":[{"embeddable":true,"href":"https:\/\/biciplanet.net\/site\/wp-json\/wp\/v2\/comments?post=998"}],"wp:featuredmedia":[{"embeddable":true,"href":"https:\/\/biciplanet.net\/site\/wp-json\/wp\/v2\/media\/999"}],"wp:attachment":[{"href":"https:\/\/biciplanet.net\/site\/wp-json\/wp\/v2\/media?parent=998"}],"wp:term":[{"taxonomy":"product_brand","embeddable":true,"href":"https:\/\/biciplanet.net\/site\/wp-json\/wp\/v2\/product_brand?post=998"},{"taxonomy":"product_cat","embeddable":true,"href":"https:\/\/biciplanet.net\/site\/wp-json\/wp\/v2\/product_cat?post=998"},{"taxonomy":"product_tag","embeddable":true,"href":"https:\/\/biciplanet.net\/site\/wp-json\/wp\/v2\/product_tag?post=998"}],"curies":[{"name":"wp","href":"https:\/\/api.w.org\/{rel}","templated":true}]}}