{"id":859,"date":"2019-07-15T11:00:00","date_gmt":"2019-07-15T14:00:00","guid":{"rendered":"https:\/\/biciplanet.net\/site\/?post_type=product&#038;p=859"},"modified":"2023-11-01T09:59:17","modified_gmt":"2023-11-01T12:59:17","slug":"bicicleta-jamis-citizen-2-2","status":"publish","type":"product","link":"https:\/\/biciplanet.net\/site\/producto\/bicicleta-jamis-citizen-2-2\/","title":{"rendered":"Bicicleta Jamis Citizen 2"},"content":{"rendered":"<p>Bicicleta Estilo Recreativa 700*38 de estilo, calidad y confort<\/p>\n<p>Cuadro de Aluminio<\/p>\n<p>Horquilla de suspensi\u00f3n SR Suntour CR8 de 60 mm.<\/p>\n<p>Llantas Alex ID19 doble pared llantas<\/p>\n<p>Cambios Shimano 24 velocidades<\/p>\n<p>Barra de aluminio ligera Jamis<\/p>\n<p>Suspensi\u00f3n de aleaci\u00f3n de micro-ajuste en el ca\u00f1o de asiento<\/p>\n<p>Asiento Jamis Comfort con espuma de memoria, cubierta de gamuza sint\u00e9tica, lados bru\u00f1idos y resortes de parachoques con rieles de acero satinado, espec\u00edficos para cada g\u00e9nero<\/p>\n<p>&nbsp;<\/p>\n","protected":false},"excerpt":{"rendered":"<p>Bicicleta Estilo Recreativa 700*38 de estilo, calidad y confort Cuadro de Aluminio Horquilla de suspensi\u00f3n SR Suntour CR8 de 60 mm. Llantas Alex ID19 doble pared llantas Cambios Shimano 24 velocidades Barra de aluminio ligera Jamis Suspensi\u00f3n de aleaci\u00f3n de micro-ajuste en el ca\u00f1o de asiento Asiento Jamis Comfort con espuma de memoria, cubierta de [&hellip;]\n","protected":false},"featured_media":860,"comment_status":"closed","ping_status":"closed","template":"","meta":[],"product_brand":[],"product_cat":[6],"product_tag":[],"class_list":{"0":"post-859","1":"product","2":"type-product","3":"status-publish","4":"has-post-thumbnail","6":"product_cat-bicicletas","8":"first","9":"outofstock","10":"shipping-taxable","11":"product-type-simple"},"_links":{"self":[{"href":"https:\/\/biciplanet.net\/site\/wp-json\/wp\/v2\/product\/859","targetHints":{"allow":["GET"]}}],"collection":[{"href":"https:\/\/biciplanet.net\/site\/wp-json\/wp\/v2\/product"}],"about":[{"href":"https:\/\/biciplanet.net\/site\/wp-json\/wp\/v2\/types\/product"}],"replies":[{"embeddable":true,"href":"https:\/\/biciplanet.net\/site\/wp-json\/wp\/v2\/comments?post=859"}],"wp:featuredmedia":[{"embeddable":true,"href":"https:\/\/biciplanet.net\/site\/wp-json\/wp\/v2\/media\/860"}],"wp:attachment":[{"href":"https:\/\/biciplanet.net\/site\/wp-json\/wp\/v2\/media?parent=859"}],"wp:term":[{"taxonomy":"product_brand","embeddable":true,"href":"https:\/\/biciplanet.net\/site\/wp-json\/wp\/v2\/product_brand?post=859"},{"taxonomy":"product_cat","embeddable":true,"href":"https:\/\/biciplanet.net\/site\/wp-json\/wp\/v2\/product_cat?post=859"},{"taxonomy":"product_tag","embeddable":true,"href":"https:\/\/biciplanet.net\/site\/wp-json\/wp\/v2\/product_tag?post=859"}],"curies":[{"name":"wp","href":"https:\/\/api.w.org\/{rel}","templated":true}]}}