{"id":834,"date":"2019-04-15T16:19:06","date_gmt":"2019-04-15T19:19:06","guid":{"rendered":"https:\/\/biciplanet.net\/site\/?post_type=product&#038;p=834"},"modified":"2023-05-30T10:09:08","modified_gmt":"2023-05-30T13:09:08","slug":"lentes-shimano-equinox","status":"publish","type":"product","link":"https:\/\/biciplanet.net\/site\/producto\/lentes-shimano-equinox\/","title":{"rendered":"Lentes Shimano Equinox"},"content":{"rendered":"<div class=\"groupset-head-area hide-sm\">\n<h3 class=\"product-head\">CE-EQNX3<\/h3>\n<\/div>\n<div class=\"product-description-area\">\n<p>Gafas de ciclismo de rendimiento profesional con excelentes prestaciones.<\/p>\n<ul class=\"product-feature-list\">\n<li>\n<div class=\"js-toggle opened\">\n<div class=\"js-toggle-ui\">FRAMEFEATURE<\/div>\n<\/div>\n<\/li>\n<\/ul>\n<\/div>\n<div class=\"js-toggle opened\">\n<div id=\"setToggle1555342291030\" class=\"js-toggle-content\" aria-expanded=\"true\">\n<ul class=\"feature-list-content0 feature-text\">\n<li>Material Grilamid TR 90 ligero, resistente y duradero<\/li>\n<li>Dise\u00f1o de competici\u00f3n con protecci\u00f3n para un amplio \u00e1ngulo de visi\u00f3n<\/li>\n<li>Puntas de patilla antideslizantes de TPE no t\u00f3xico con moldeado de doble inyecci\u00f3n<\/li>\n<li>C\u00f3modo y amplio puente nasal ajustable<\/li>\n<li>Compatible con RX-CLIP<\/li>\n<\/ul>\n<\/div>\n<\/div>\n<div class=\"js-toggle opened\">\n<div class=\"js-toggle-ui\">PACKAGEFEATURE<\/div>\n<\/div>\n<div class=\"js-toggle opened\">\n<div id=\"setToggle1555342291244\" class=\"js-toggle-content\" aria-expanded=\"true\">\n<ul class=\"feature-list-content1 feature-text\">\n<li>Estuche de viaje<\/li>\n<li>La bolsita para gafas se puede utilizar para limpiar las lentes<\/li>\n<\/ul>\n<\/div>\n<\/div>\n<div class=\"js-toggle opened\">\n<div class=\"js-toggle-ui\">LENSFEATURE<\/div>\n<\/div>\n<div id=\"setToggle1555342291269\" class=\"js-toggle-content\" aria-expanded=\"true\">\n<ul class=\"feature-list-content2 feature-text\">\n<li>Lente de policarbonato resistente, r\u00edgida y ligera<\/li>\n<li>Protecci\u00f3n total UV400<\/li>\n<li>El revestimiento hidrof\u00f3bico incrementa la capacidad hidr\u00f3fuga y mantiene las lentes m\u00e1s limpias<\/li>\n<li>Tratamiento especial antirrayado<\/li>\n<li>Lente intercambiable Claro<\/li>\n<\/ul>\n<\/div>\n","protected":false},"excerpt":{"rendered":"<p>CE-EQNX3 Gafas de ciclismo de rendimiento profesional con excelentes prestaciones. FRAMEFEATURE Material Grilamid TR 90 ligero, resistente y duradero Dise\u00f1o de competici\u00f3n con protecci\u00f3n para un amplio \u00e1ngulo de visi\u00f3n Puntas de patilla antideslizantes de TPE no t\u00f3xico con moldeado de doble inyecci\u00f3n C\u00f3modo y amplio puente nasal ajustable Compatible con RX-CLIP PACKAGEFEATURE Estuche de [&hellip;]\n","protected":false},"featured_media":835,"comment_status":"closed","ping_status":"closed","template":"","meta":[],"product_brand":[],"product_cat":[12],"product_tag":[],"class_list":{"0":"post-834","1":"product","2":"type-product","3":"status-publish","4":"has-post-thumbnail","6":"product_cat-anteojos","8":"first","9":"instock","10":"sale","11":"shipping-taxable","12":"product-type-simple"},"_links":{"self":[{"href":"https:\/\/biciplanet.net\/site\/wp-json\/wp\/v2\/product\/834","targetHints":{"allow":["GET"]}}],"collection":[{"href":"https:\/\/biciplanet.net\/site\/wp-json\/wp\/v2\/product"}],"about":[{"href":"https:\/\/biciplanet.net\/site\/wp-json\/wp\/v2\/types\/product"}],"replies":[{"embeddable":true,"href":"https:\/\/biciplanet.net\/site\/wp-json\/wp\/v2\/comments?post=834"}],"wp:featuredmedia":[{"embeddable":true,"href":"https:\/\/biciplanet.net\/site\/wp-json\/wp\/v2\/media\/835"}],"wp:attachment":[{"href":"https:\/\/biciplanet.net\/site\/wp-json\/wp\/v2\/media?parent=834"}],"wp:term":[{"taxonomy":"product_brand","embeddable":true,"href":"https:\/\/biciplanet.net\/site\/wp-json\/wp\/v2\/product_brand?post=834"},{"taxonomy":"product_cat","embeddable":true,"href":"https:\/\/biciplanet.net\/site\/wp-json\/wp\/v2\/product_cat?post=834"},{"taxonomy":"product_tag","embeddable":true,"href":"https:\/\/biciplanet.net\/site\/wp-json\/wp\/v2\/product_tag?post=834"}],"curies":[{"name":"wp","href":"https:\/\/api.w.org\/{rel}","templated":true}]}}