{"id":758,"date":"2017-10-30T12:44:43","date_gmt":"2017-10-30T15:44:43","guid":{"rendered":"http:\/\/biciplanet.net\/site\/?post_type=product&#038;p=758"},"modified":"2018-05-26T10:10:04","modified_gmt":"2018-05-26T13:10:04","slug":"garmin-vivosmart-hr","status":"publish","type":"product","link":"https:\/\/biciplanet.net\/site\/producto\/garmin-vivosmart-hr\/","title":{"rendered":"GARMIN v\u00edvosmart\u00ae HR+"},"content":{"rendered":"<div>\n<h3>Tracker de actividad inteligente con frecuencia cardiaca en la mu\u00f1eca y GPS<\/h3>\n<ul>\n<li>El GPS rastrea la distancia y el ritmo mientras traza su carrera o caminata<\/li>\n<li>La elegante banda <a href=\"http:\/\/www.garmin.com\/waterrating\/\">resistente al agua<\/a> es c\u00f3moda para usar todo el d\u00eda y la pantalla t\u00e1ctil que siempre est\u00e1 encendida muestra sus estad\u00edsticas, incluso bajo la luz solar<\/li>\n<li>Le permite medir los pasos, la distancia, las calor\u00edas, los escalones subidos, la intensidad de la actividad y la frecuencia cardiaca en su mu\u00f1eca\u00b9<\/li>\n<li>Le permite recibir una gama completa de notificaciones inteligentes, que incluyen correos electr\u00f3nicos, llamadas, mensajes de texto, notificaciones de redes sociales y m\u00e1s, todo en su mu\u00f1eca\u00b9<\/li>\n<li>Se sincroniza de manera autom\u00e1tica a su Garmin Connect&#x2122; Mobile para unirse a desaf\u00edos f\u00edsicos, revisar datos y recibir entrenamiento inteligente<\/li>\n<\/ul>\n<h3>Mide la intensidad de la actividad con la frecuencia cardiaca en la mu\u00f1eca<\/h3>\n<p>El tracker de actividad v\u00edvosmart HR+ utiliza la de tecnolog\u00eda de frecuencia card\u00edaca\u00b2 Elevate&#x2122; en la mu\u00f1eca para monitorizar la frecuencia cardiaca en la mu\u00f1eca las 24 horas del d\u00eda, los 7 d\u00edas de la semana. Esta opci\u00f3n le da la libertad de ejercitarse como lo prefiera, sin la necesidad de una correa adicional de frecuencia cardiaca. Mediante la frecuencia cardiaca, v\u00edvosmart HR+ proporciona informaci\u00f3n de las calor\u00edas quemadas. Ya sea que vaya a trotar, jugar con los amigos o probar una nueva clase en el campo de entrenamiento, el tracker cuantifica la intensidad de sus actividades f\u00edsicas a trav\u00e9s de los minutos de intensidad. Esta caracter\u00edstica le permiten monitorizar su progreso seg\u00fan las metas de actividades recomendadas por organizaciones de salud, como la Organizaci\u00f3n Mundial de la Salud. Adem\u00e1s, puede usar su v\u00edvosmart HR+ como un medidor de frecuencia cardiaca con correa en la mu\u00f1eca cuando lo vincule con otros dispositivos de Garmin compatibles.<\/p>\n<h3>Lleve su actividad al gimnasio o los senderos<\/h3>\n<p>El tracker de actividad inteligente v\u00edvosmart HR+\u00b2 es capaz de hacer un seguimiento de la distancia, el tiempo y el ritmo de las actividades en interiores o exteriores. Gracias al GPS, puede obtener estad\u00edsticas a\u00fan m\u00e1s exactas de la distancia y el ritmo, as\u00ed como un mapa de su actividad al correr o caminar al aire libre. Adem\u00e1s de realizar un seguimiento de sus carreras, pasos y calor\u00edas, v\u00edvosmart HR+ mide los escalones subidos y la intensidad en minutos.<\/p>\n<h3>Con\u00e9ctese<\/h3>\n<p>v\u00edvosmart HR+ se sincroniza autom\u00e1ticamente con su smartphone durante el d\u00eda para guardar sus estad\u00edsticas en nuestra comunidad gratuita en l\u00ednea. Simplemente descargue <a href=\"https:\/\/buy.garmin.com\/prod125677.html\">Garmin Connect Mobile<\/a> en su tel\u00e9fono o reg\u00edstrese en <a href=\"http:\/\/connect.garmin.com\/\">Garmin Connect<\/a>&#x2122; desde su computadora de escritorio, donde puede guardar, planificar y compartir su actividad y superar su conteo de pasos diarios anterior. Con\u00e9ctese con otros usuarios para establecer desaf\u00edos y competir. Para hacer un seguimiento de sus calor\u00edas de manera detallada, puede crear una cuenta en\u00a0<a href=\"http:\/\/myfitnesspal.com\/\">MyFitnessPal<\/a>\u00a0y vincularla con su cuenta Garmin Connect. Esto le permite comparar las calor\u00edas consumidas con el total de calor\u00edas quemadas, las que v\u00edvosmart HR+ registra durante el d\u00eda.<\/p>\n<h3>Funciones inteligentes<\/h3>\n<p>Mantente activo y conectado con el tracker de actividad v\u00edvosmart HR+. Cada vez que recibe una notificaci\u00f3n de su <a href=\"http:\/\/www.garmin.com\/en-GB\/ble\">smartphone\u00a0compatible<\/a>, su vivosmart HR+ vibra suavemente y muestra la informaci\u00f3n de manera autom\u00e1tica. Simplemente, toque y deslice la pantalla para leer m\u00e1s. Otras funciones de conexi\u00f3n le permiten controlar la m\u00fasica y su <a href=\"http:\/\/virb.garmin.com\/en-GB\/\">c\u00e1mara de acci\u00f3n VIRB<\/a> (se vende por separado) o buscar su tel\u00e9fono extraviado.<\/p>\n<h3>Supere la meta de ayer, todos los d\u00edas<\/h3>\n<p>v\u00edvosmart HR+ memoriza su nivel de actividad actual y luego asigna una meta de pasos diaria alcanzable. Cuando logre su marca, ajustar\u00e1 su meta para el siguiente d\u00eda, lo que lo llevar\u00e1 gradualmente hacia un estilo de vida m\u00e1s saludable. Durante el d\u00eda, le recuerda permanecer activo con una barra de movimiento y una alerta de vibraci\u00f3n, en caso de que permanezca inactivo durante 1 hora. Salga a dar un peque\u00f1o paseo para restablecer el temporizador de inactividad.<\/p>\n<p class=\"disclaimer-block\">\u00b9Cuando se vincula con un <a href=\"http:\/\/www.garmin.com\/en-GB\/ble\/\">smartphone compatible<\/a><br \/>\n\u00b2<a href=\"http:\/\/www.garmin.com\/en-GB\/legal\/atdisclaimer\/\">Precisi\u00f3n del tracker de actividad<\/a><\/p>\n<\/div>\n","protected":false},"excerpt":{"rendered":"<p>Tracker de actividad inteligente con frecuencia cardiaca en la mu\u00f1eca y GPS El GPS rastrea la distancia y el ritmo mientras traza su carrera o caminata La elegante banda resistente al agua es c\u00f3moda para usar todo el d\u00eda y la pantalla t\u00e1ctil que siempre est\u00e1 encendida muestra sus estad\u00edsticas, incluso bajo la luz solar [&hellip;]\n","protected":false},"featured_media":759,"comment_status":"closed","ping_status":"closed","template":"","meta":[],"product_brand":[],"product_cat":[46],"product_tag":[],"class_list":{"0":"post-758","1":"product","2":"type-product","3":"status-publish","4":"has-post-thumbnail","6":"product_cat-relojes","8":"first","9":"instock","10":"shipping-taxable","11":"product-type-simple"},"_links":{"self":[{"href":"https:\/\/biciplanet.net\/site\/wp-json\/wp\/v2\/product\/758","targetHints":{"allow":["GET"]}}],"collection":[{"href":"https:\/\/biciplanet.net\/site\/wp-json\/wp\/v2\/product"}],"about":[{"href":"https:\/\/biciplanet.net\/site\/wp-json\/wp\/v2\/types\/product"}],"replies":[{"embeddable":true,"href":"https:\/\/biciplanet.net\/site\/wp-json\/wp\/v2\/comments?post=758"}],"wp:featuredmedia":[{"embeddable":true,"href":"https:\/\/biciplanet.net\/site\/wp-json\/wp\/v2\/media\/759"}],"wp:attachment":[{"href":"https:\/\/biciplanet.net\/site\/wp-json\/wp\/v2\/media?parent=758"}],"wp:term":[{"taxonomy":"product_brand","embeddable":true,"href":"https:\/\/biciplanet.net\/site\/wp-json\/wp\/v2\/product_brand?post=758"},{"taxonomy":"product_cat","embeddable":true,"href":"https:\/\/biciplanet.net\/site\/wp-json\/wp\/v2\/product_cat?post=758"},{"taxonomy":"product_tag","embeddable":true,"href":"https:\/\/biciplanet.net\/site\/wp-json\/wp\/v2\/product_tag?post=758"}],"curies":[{"name":"wp","href":"https:\/\/api.w.org\/{rel}","templated":true}]}}