{"id":656,"date":"2017-07-10T09:53:19","date_gmt":"2017-07-10T12:53:19","guid":{"rendered":"http:\/\/biciplanet.net\/site\/?post_type=product&#038;p=656"},"modified":"2017-07-10T09:53:19","modified_gmt":"2017-07-10T12:53:19","slug":"patin-doncella","status":"publish","type":"product","link":"https:\/\/biciplanet.net\/site\/producto\/patin-doncella\/","title":{"rendered":"Pat\u00edn Doncella"},"content":{"rendered":"<p>Bota de glitter rosa eco-cuero brava \u201ckids\u201d<\/p>\n<p>Plancha extensible de chapa color blanca con amortiguaci\u00f3n<\/p>\n<p>Ruedas de pol\u00edmero con bolillero color rosa<\/p>\n<p>Llave para regular ruedas<\/p>\n<p>Numeraci\u00f3n del 29 al 34<\/p>\n","protected":false},"excerpt":{"rendered":"<p>Bota de glitter rosa eco-cuero brava \u201ckids\u201d Plancha extensible de chapa color blanca con amortiguaci\u00f3n Ruedas de pol\u00edmero con bolillero color rosa Llave para regular ruedas Numeraci\u00f3n del 29 al 34<\/p>\n","protected":false},"featured_media":657,"comment_status":"closed","ping_status":"closed","template":"","meta":[],"product_brand":[],"product_cat":[47],"product_tag":[],"class_list":{"0":"post-656","1":"product","2":"type-product","3":"status-publish","4":"has-post-thumbnail","6":"product_cat-roller-skate","8":"first","9":"instock","10":"shipping-taxable","11":"product-type-simple"},"_links":{"self":[{"href":"https:\/\/biciplanet.net\/site\/wp-json\/wp\/v2\/product\/656","targetHints":{"allow":["GET"]}}],"collection":[{"href":"https:\/\/biciplanet.net\/site\/wp-json\/wp\/v2\/product"}],"about":[{"href":"https:\/\/biciplanet.net\/site\/wp-json\/wp\/v2\/types\/product"}],"replies":[{"embeddable":true,"href":"https:\/\/biciplanet.net\/site\/wp-json\/wp\/v2\/comments?post=656"}],"wp:featuredmedia":[{"embeddable":true,"href":"https:\/\/biciplanet.net\/site\/wp-json\/wp\/v2\/media\/657"}],"wp:attachment":[{"href":"https:\/\/biciplanet.net\/site\/wp-json\/wp\/v2\/media?parent=656"}],"wp:term":[{"taxonomy":"product_brand","embeddable":true,"href":"https:\/\/biciplanet.net\/site\/wp-json\/wp\/v2\/product_brand?post=656"},{"taxonomy":"product_cat","embeddable":true,"href":"https:\/\/biciplanet.net\/site\/wp-json\/wp\/v2\/product_cat?post=656"},{"taxonomy":"product_tag","embeddable":true,"href":"https:\/\/biciplanet.net\/site\/wp-json\/wp\/v2\/product_tag?post=656"}],"curies":[{"name":"wp","href":"https:\/\/api.w.org\/{rel}","templated":true}]}}