{"id":412,"date":"2016-12-13T18:09:47","date_gmt":"2016-12-13T21:09:47","guid":{"rendered":"http:\/\/biciplanet.net\/site\/?post_type=product&#038;p=412"},"modified":"2016-12-13T18:09:47","modified_gmt":"2016-12-13T21:09:47","slug":"patines-con-bota","status":"publish","type":"product","link":"https:\/\/biciplanet.net\/site\/producto\/patines-con-bota\/","title":{"rendered":"Patines con Bota"},"content":{"rendered":"<p>Plancha de chapa pintada color blanca, con amortiguaci\u00f3n.<br \/>\nRuedas de pol\u00edmero con bolillero. Color rosa.<br \/>\nLlave para regular ruedas.<br \/>\nBota de glitter rosa, semi r\u00edgida, y acolchada.<br \/>\nTalles 26 &#8211; 28 &#8211; 30 -32 &#8211; 34<\/p>\n","protected":false},"excerpt":{"rendered":"<p>Plancha de chapa pintada color blanca, con amortiguaci\u00f3n. Ruedas de pol\u00edmero con bolillero. Color rosa. Llave para regular ruedas. Bota de glitter rosa, semi r\u00edgida, y acolchada. Talles 26 &#8211; 28 &#8211; 30 -32 &#8211; 34<\/p>\n","protected":false},"featured_media":413,"comment_status":"closed","ping_status":"closed","template":"","meta":[],"product_brand":[],"product_cat":[7],"product_tag":[],"class_list":{"0":"post-412","1":"product","2":"type-product","3":"status-publish","4":"has-post-thumbnail","6":"product_cat-bicicletas-infantiles","8":"first","9":"instock","10":"shipping-taxable","11":"product-type-simple"},"_links":{"self":[{"href":"https:\/\/biciplanet.net\/site\/wp-json\/wp\/v2\/product\/412","targetHints":{"allow":["GET"]}}],"collection":[{"href":"https:\/\/biciplanet.net\/site\/wp-json\/wp\/v2\/product"}],"about":[{"href":"https:\/\/biciplanet.net\/site\/wp-json\/wp\/v2\/types\/product"}],"replies":[{"embeddable":true,"href":"https:\/\/biciplanet.net\/site\/wp-json\/wp\/v2\/comments?post=412"}],"wp:featuredmedia":[{"embeddable":true,"href":"https:\/\/biciplanet.net\/site\/wp-json\/wp\/v2\/media\/413"}],"wp:attachment":[{"href":"https:\/\/biciplanet.net\/site\/wp-json\/wp\/v2\/media?parent=412"}],"wp:term":[{"taxonomy":"product_brand","embeddable":true,"href":"https:\/\/biciplanet.net\/site\/wp-json\/wp\/v2\/product_brand?post=412"},{"taxonomy":"product_cat","embeddable":true,"href":"https:\/\/biciplanet.net\/site\/wp-json\/wp\/v2\/product_cat?post=412"},{"taxonomy":"product_tag","embeddable":true,"href":"https:\/\/biciplanet.net\/site\/wp-json\/wp\/v2\/product_tag?post=412"}],"curies":[{"name":"wp","href":"https:\/\/api.w.org\/{rel}","templated":true}]}}