{"id":221,"date":"2015-09-28T17:53:12","date_gmt":"2015-09-28T20:53:12","guid":{"rendered":"http:\/\/biciplanet.com.ar\/site\/?post_type=product&#038;p=221"},"modified":"2015-09-28T17:53:12","modified_gmt":"2015-09-28T20:53:12","slug":"zapatillas-shimano-mtb-sh-xc30","status":"publish","type":"product","link":"https:\/\/biciplanet.net\/site\/producto\/zapatillas-shimano-mtb-sh-xc30\/","title":{"rendered":"Zapatillas Shimano MTB SH-XC30"},"content":{"rendered":"<p>-Piel y malla sint\u00e9tica resistente al estiramiento<br \/>\n-Cintas de cierre triple de perfil bajo que evitan la presi\u00f3n inc\u00f3moda sobre el pie y permiten pedalear con suavidad en los terrenos m\u00e1s dificiles<br \/>\n-Horma Volume Performance<br \/>\n-Tacos de poliuretano perfectamente colocados con almohadillado en el arco para una \u00f3ptima estabilidad<br \/>\n-Suela de poliamida reforzada con fibra de vidrio<\/p>\n","protected":false},"excerpt":{"rendered":"<p>-Piel y malla sint\u00e9tica resistente al estiramiento -Cintas de cierre triple de perfil bajo que evitan la presi\u00f3n inc\u00f3moda sobre el pie y permiten pedalear con suavidad en los terrenos m\u00e1s dificiles -Horma Volume Performance -Tacos de poliuretano perfectamente colocados con almohadillado en el arco para una \u00f3ptima estabilidad -Suela de poliamida reforzada con fibra [&hellip;]\n","protected":false},"featured_media":223,"comment_status":"closed","ping_status":"closed","template":"","meta":[],"product_brand":[],"product_cat":[50],"product_tag":[],"class_list":{"0":"post-221","1":"product","2":"type-product","3":"status-publish","4":"has-post-thumbnail","6":"product_cat-zapatillas","8":"first","9":"instock","10":"shipping-taxable","11":"product-type-simple"},"_links":{"self":[{"href":"https:\/\/biciplanet.net\/site\/wp-json\/wp\/v2\/product\/221","targetHints":{"allow":["GET"]}}],"collection":[{"href":"https:\/\/biciplanet.net\/site\/wp-json\/wp\/v2\/product"}],"about":[{"href":"https:\/\/biciplanet.net\/site\/wp-json\/wp\/v2\/types\/product"}],"replies":[{"embeddable":true,"href":"https:\/\/biciplanet.net\/site\/wp-json\/wp\/v2\/comments?post=221"}],"wp:featuredmedia":[{"embeddable":true,"href":"https:\/\/biciplanet.net\/site\/wp-json\/wp\/v2\/media\/223"}],"wp:attachment":[{"href":"https:\/\/biciplanet.net\/site\/wp-json\/wp\/v2\/media?parent=221"}],"wp:term":[{"taxonomy":"product_brand","embeddable":true,"href":"https:\/\/biciplanet.net\/site\/wp-json\/wp\/v2\/product_brand?post=221"},{"taxonomy":"product_cat","embeddable":true,"href":"https:\/\/biciplanet.net\/site\/wp-json\/wp\/v2\/product_cat?post=221"},{"taxonomy":"product_tag","embeddable":true,"href":"https:\/\/biciplanet.net\/site\/wp-json\/wp\/v2\/product_tag?post=221"}],"curies":[{"name":"wp","href":"https:\/\/api.w.org\/{rel}","templated":true}]}}