{"id":178,"date":"2015-09-22T09:55:20","date_gmt":"2015-09-22T12:55:20","guid":{"rendered":"http:\/\/biciplanet.com.ar\/site\/?post_type=product&#038;p=178"},"modified":"2023-06-16T12:24:19","modified_gmt":"2023-06-16T15:24:19","slug":"computadora-cateye-vl820-velo-9","status":"publish","type":"product","link":"https:\/\/biciplanet.net\/site\/producto\/computadora-cateye-vl820-velo-9\/","title":{"rendered":"Computadora CATEYE-VL820 VELO 9"},"content":{"rendered":"<p>El redise\u00f1ado Velo 9, es el ciclo computador de cateye de primer precio. El nuevo modelo con pantalla grande es c\u00f3moda para leer datos y su puesta en marcha a\u00fan m\u00e1s facil con pre-progamaci\u00f3n de medici\u00f3n de llantas.<\/p>\n<p>Adem\u00e1s de su medici\u00f3n de velocidad m\u00e1xima, promedio y actual, registra su distancia y tiempo transcurrido y od\u00f3metro. Adem\u00e1s, cuenta con funci\u00f3n de medici\u00f3n de calor\u00edas consumidas y medici\u00f3n de la compensaci\u00f3n de carbono para ayudarle a registrar\u00a0 su evoluci\u00f3n.<\/p>\n","protected":false},"excerpt":{"rendered":"<p>El redise\u00f1ado Velo 9, es el ciclo computador de cateye de primer precio. El nuevo modelo con pantalla grande es c\u00f3moda para leer datos y su puesta en marcha a\u00fan m\u00e1s facil con pre-progamaci\u00f3n de medici\u00f3n de llantas. Adem\u00e1s de su medici\u00f3n de velocidad m\u00e1xima, promedio y actual, registra su distancia y tiempo transcurrido y [&hellip;]\n","protected":false},"featured_media":179,"comment_status":"closed","ping_status":"closed","template":"","meta":[],"product_brand":[],"product_cat":[26],"product_tag":[],"class_list":{"0":"post-178","1":"product","2":"type-product","3":"status-publish","4":"has-post-thumbnail","6":"product_cat-computadoras-pulsometro","8":"first","9":"instock","10":"shipping-taxable","11":"product-type-simple"},"_links":{"self":[{"href":"https:\/\/biciplanet.net\/site\/wp-json\/wp\/v2\/product\/178","targetHints":{"allow":["GET"]}}],"collection":[{"href":"https:\/\/biciplanet.net\/site\/wp-json\/wp\/v2\/product"}],"about":[{"href":"https:\/\/biciplanet.net\/site\/wp-json\/wp\/v2\/types\/product"}],"replies":[{"embeddable":true,"href":"https:\/\/biciplanet.net\/site\/wp-json\/wp\/v2\/comments?post=178"}],"wp:featuredmedia":[{"embeddable":true,"href":"https:\/\/biciplanet.net\/site\/wp-json\/wp\/v2\/media\/179"}],"wp:attachment":[{"href":"https:\/\/biciplanet.net\/site\/wp-json\/wp\/v2\/media?parent=178"}],"wp:term":[{"taxonomy":"product_brand","embeddable":true,"href":"https:\/\/biciplanet.net\/site\/wp-json\/wp\/v2\/product_brand?post=178"},{"taxonomy":"product_cat","embeddable":true,"href":"https:\/\/biciplanet.net\/site\/wp-json\/wp\/v2\/product_cat?post=178"},{"taxonomy":"product_tag","embeddable":true,"href":"https:\/\/biciplanet.net\/site\/wp-json\/wp\/v2\/product_tag?post=178"}],"curies":[{"name":"wp","href":"https:\/\/api.w.org\/{rel}","templated":true}]}}