{"id":161,"date":"2015-08-06T00:34:56","date_gmt":"2015-08-06T03:34:56","guid":{"rendered":"http:\/\/biciplanet.com.ar\/site\/?post_type=product&#038;p=161"},"modified":"2023-05-27T12:04:56","modified_gmt":"2023-05-27T15:04:56","slug":"mochila-camelbak-marathoner-2l70oz","status":"publish","type":"product","link":"https:\/\/biciplanet.net\/site\/producto\/mochila-camelbak-marathoner-2l70oz\/","title":{"rendered":"Mochila Camelbak Marathoner 2L\/70oz"},"content":{"rendered":"<pre class=\"tw-data-text vk_txt tw-ta tw-text-small\" dir=\"ltr\" data-placeholder=\"Traducci\u00f3n\" data-fulltext=\"\"><span lang=\"es\">El Marathoner &#x2122; es para el corredor que quiere una soluci\u00f3n de bajo perfil y almacenamiento minimalista. Este chaleco lleva 2 litros de agua para carreras de 2 horas o m\u00e1s , y sus paneles de malla de aire mantener las cosas ligeras y transpirables . Tambi\u00e9n hemos a\u00f1adido compartimentos en los arneses de hombro para que pueda acceder a sus elementos esenciales sin disminuir la velocidad : un compartimento a prueba de sudor para su tel\u00e9fono , un bolsillo el sobre estiramiento de malla para geles y almacenamiento para dos botellas de agua adicionales. Por encima de todo , hemos dise\u00f1ado este paquete para caber c\u00f3modamente sin chocar alrededor. Hemos a\u00f1adido correas del estern\u00f3n duales para mayor estabilidad , e hicimos la correa superior el\u00e1stica para un ajuste perfecto que no se restringir su respiraci\u00f3n. Y gracias a los arneses y cord\u00f3n compartimentos ajustables , se puede ce\u00f1ir tanto el paquete y el dep\u00f3sito hasta que la carga se vuelve m\u00e1s clara.\r\n\r\n<\/span><\/pre>\n<pre id=\"tw-target-text\" class=\"tw-data-text vk_txt tw-ta tw-text-small\" dir=\"ltr\" data-placeholder=\"Traducci\u00f3n\" data-fulltext=\"\"><span lang=\"es\">\u00a0<\/span><\/pre>\n","protected":false},"excerpt":{"rendered":"<p>El Marathoner &#x2122; es para el corredor que quiere una soluci\u00f3n de bajo perfil y almacenamiento minimalista. Este chaleco lleva 2 litros de agua para carreras de 2 horas o m\u00e1s , y sus paneles de malla de aire mantener las cosas ligeras y transpirables . Tambi\u00e9n hemos a\u00f1adido compartimentos en los arneses de hombro [&hellip;]\n","protected":false},"featured_media":162,"comment_status":"closed","ping_status":"closed","template":"","meta":[],"product_brand":[],"product_cat":[10],"product_tag":[],"class_list":{"0":"post-161","1":"product","2":"type-product","3":"status-publish","4":"has-post-thumbnail","6":"product_cat-alforjas-bolsos-mochilas","8":"first","9":"instock","10":"shipping-taxable","11":"product-type-simple"},"_links":{"self":[{"href":"https:\/\/biciplanet.net\/site\/wp-json\/wp\/v2\/product\/161","targetHints":{"allow":["GET"]}}],"collection":[{"href":"https:\/\/biciplanet.net\/site\/wp-json\/wp\/v2\/product"}],"about":[{"href":"https:\/\/biciplanet.net\/site\/wp-json\/wp\/v2\/types\/product"}],"replies":[{"embeddable":true,"href":"https:\/\/biciplanet.net\/site\/wp-json\/wp\/v2\/comments?post=161"}],"wp:featuredmedia":[{"embeddable":true,"href":"https:\/\/biciplanet.net\/site\/wp-json\/wp\/v2\/media\/162"}],"wp:attachment":[{"href":"https:\/\/biciplanet.net\/site\/wp-json\/wp\/v2\/media?parent=161"}],"wp:term":[{"taxonomy":"product_brand","embeddable":true,"href":"https:\/\/biciplanet.net\/site\/wp-json\/wp\/v2\/product_brand?post=161"},{"taxonomy":"product_cat","embeddable":true,"href":"https:\/\/biciplanet.net\/site\/wp-json\/wp\/v2\/product_cat?post=161"},{"taxonomy":"product_tag","embeddable":true,"href":"https:\/\/biciplanet.net\/site\/wp-json\/wp\/v2\/product_tag?post=161"}],"curies":[{"name":"wp","href":"https:\/\/api.w.org\/{rel}","templated":true}]}}

<pre class="tw-data-text vk_txt tw-ta tw-text-small" dir="ltr" data-placeholder="Traducción" data-fulltext=""><span lang="es">El Marathoner &#x2122; es para el corredor que quiere una solución de bajo perfil y almacenamiento minimalista. Este chaleco lleva 2 litros de agua para carreras de 2 horas o más , y sus paneles de malla de aire mantener las cosas ligeras y transpirables . También hemos añadido compartimentos en los arneses de hombro para que pueda acceder a sus elementos esenciales sin disminuir la velocidad : un compartimento a prueba de sudor para su teléfono , un bolsillo el sobre estiramiento de malla para geles y almacenamiento para dos botellas de agua adicionales. Por encima de todo , hemos diseñado este paquete para caber cómodamente sin chocar alrededor. Hemos añadido correas del esternón duales para mayor estabilidad , e hicimos la correa superior elástica para un ajuste perfecto que no se restringir su respiración. Y gracias a los arneses y cordón compartimentos ajustables , se puede ceñir tanto el paquete y el depósito hasta que la carga se vuelve más clara.

</span></pre>
<pre id="tw-target-text" class="tw-data-text vk_txt tw-ta tw-text-small" dir="ltr" data-placeholder="Traducción" data-fulltext=""><span lang="es"> </span></pre>

<p>El Marathoner &#x2122; es para el corredor que quiere una solución de bajo perfil y almacenamiento minimalista. Este chaleco lleva 2 litros de agua para carreras de 2 horas o más , y sus paneles de malla de aire mantener las cosas ligeras y transpirables . También hemos añadido compartimentos en los arneses de hombro [&hellip;]
