{"id":141,"date":"2015-07-16T16:18:12","date_gmt":"2015-07-16T19:18:12","guid":{"rendered":"http:\/\/biciplanet.com.ar\/site\/?post_type=product&#038;p=141"},"modified":"2025-08-19T17:09:19","modified_gmt":"2025-08-19T20:09:19","slug":"geles-gu","status":"publish","type":"product","link":"https:\/\/biciplanet.net\/site\/producto\/geles-gu\/","title":{"rendered":"geles gu"},"content":{"rendered":"<div class=\"et_pb_with_border et_pb_module et_pb_text et_pb_text_0 cat-info-toggle et_pb_text_align_left et_pb_bg_layout_light\">\n<div class=\"et_pb_text_inner\">\n<h1>GU ENERGY GEL<\/h1>\n<div class=\"hr\"><strong style=\"color: #555555;\">Energ\u00eda port\u00e1til para atletas<\/strong><\/div>\n<\/div>\n<\/div>\n<div class=\"et_pb_with_border et_pb_module et_pb_text et_pb_text_1 et_pb_text_align_left et_pb_bg_layout_light\">\n<div class=\"et_pb_text_inner\">\n<p>Para prevenir el agotamiento durante el ejercicio, hace falta una fuente de carbohidratos f\u00e1cil de digerir para dar energ\u00eda a los m\u00fasculos. Los Geles GU Energy Gel son una fuente r\u00e1pida, efectiva y sostenida de energ\u00eda, para satisfacer las demandas de todo tipo de actividad. Todos los GU Energy Gel son Veganos, Gluten Free y Kosher.<\/p>\n<\/div>\n<p>CONSULTAR DIFERENTES GUSTOS Y VARIANTES<\/p>\n<\/div>\n","protected":false},"excerpt":{"rendered":"<p>GU ENERGY GEL Energ\u00eda port\u00e1til para atletas Para prevenir el agotamiento durante el ejercicio, hace falta una fuente de carbohidratos f\u00e1cil de digerir para dar energ\u00eda a los m\u00fasculos. Los Geles GU Energy Gel son una fuente r\u00e1pida, efectiva y sostenida de energ\u00eda, para satisfacer las demandas de todo tipo de actividad. Todos los GU [&hellip;]\n","protected":false},"featured_media":247,"comment_status":"open","ping_status":"closed","template":"","meta":[],"product_brand":[],"product_cat":[11],"product_tag":[],"class_list":{"0":"post-141","1":"product","2":"type-product","3":"status-publish","4":"has-post-thumbnail","6":"product_cat-alimentos","8":"first","9":"outofstock","10":"featured","11":"shipping-taxable","12":"product-type-simple"},"_links":{"self":[{"href":"https:\/\/biciplanet.net\/site\/wp-json\/wp\/v2\/product\/141","targetHints":{"allow":["GET"]}}],"collection":[{"href":"https:\/\/biciplanet.net\/site\/wp-json\/wp\/v2\/product"}],"about":[{"href":"https:\/\/biciplanet.net\/site\/wp-json\/wp\/v2\/types\/product"}],"replies":[{"embeddable":true,"href":"https:\/\/biciplanet.net\/site\/wp-json\/wp\/v2\/comments?post=141"}],"wp:featuredmedia":[{"embeddable":true,"href":"https:\/\/biciplanet.net\/site\/wp-json\/wp\/v2\/media\/247"}],"wp:attachment":[{"href":"https:\/\/biciplanet.net\/site\/wp-json\/wp\/v2\/media?parent=141"}],"wp:term":[{"taxonomy":"product_brand","embeddable":true,"href":"https:\/\/biciplanet.net\/site\/wp-json\/wp\/v2\/product_brand?post=141"},{"taxonomy":"product_cat","embeddable":true,"href":"https:\/\/biciplanet.net\/site\/wp-json\/wp\/v2\/product_cat?post=141"},{"taxonomy":"product_tag","embeddable":true,"href":"https:\/\/biciplanet.net\/site\/wp-json\/wp\/v2\/product_tag?post=141"}],"curies":[{"name":"wp","href":"https:\/\/api.w.org\/{rel}","templated":true}]}}